{"id":83011,"date":"2017-08-27T18:24:07","date_gmt":"2017-08-27T18:24:07","guid":{"rendered":"https:\/\/bpcruzeiros.com\/?page_id=83011"},"modified":"2024-08-02T18:13:05","modified_gmt":"2024-08-02T18:13:05","slug":"destinos-e-portos-mundo-2","status":"publish","type":"page","link":"https:\/\/bpcruzeiros.com\/novo\/destinos-e-portos-mundo-2\/","title":{"rendered":"DESTINOS &#038; PORTOS"},"content":{"rendered":"<div class=\"wpb-content-wrapper\"><p>[vc_row][vc_column][vc_column_text el_class=&#8221;titulo_destinos&#8221;]DESTINOS &amp; PORTOS[\/vc_column_text][vc_column_text]Conhe\u00e7a as principais cidades portu\u00e1rias de cada Destino Cruzeiros, com fotos, dicas, mapas, passeios imperd\u00edveis e muito mais.[\/vc_column_text][vc_row_inner][vc_column_inner][vc_empty_space height=&#8221;50px&#8221;][vc_raw_html el_id=&#8221;bp-map&#8221;]JTNDaWZyYW1lJTIwc3JjJTNEJTIyaHR0cHMlM0ElMkYlMkZ3d3cuZ29vZ2xlLmNvbSUyRm1hcHMlMkZkJTJGZW1iZWQlM0ZtaWQlM0QxVEtZSkZGUUxsbDRKNloxY2QwSlR4Y1FLdF90cVlrMGglMjZlaGJjJTNEMkUzMTJGJTI2eiUzRDIlMjIlMjB3aWR0aCUzRCUyMjY0MCUyMiUyMGhlaWdodCUzRCUyMjgyMCUyMiUzRSUzQyUyRmlmcmFtZSUzRQ==[\/vc_raw_html][\/vc_column_inner][\/vc_row_inner][\/vc_column][\/vc_row][vc_row][vc_column][vc_empty_space height=&#8221;25px&#8221;][bpc_slider_destinos parent_category=&#8221;destinos-e-portos-bp&#8221; el_class=&#8221;bpc-slider-posts&#8221;][\/vc_column][\/vc_row][vc_row][vc_column][vc_empty_space height=&#8221;50px&#8221;][vc_column_text]<\/p>\n<h3>DEPOIMENTOS<\/h3>\n<p>[\/vc_column_text][bpc_depoimentos][\/vc_column][\/vc_row]<\/p>\n<\/div>","protected":false},"excerpt":{"rendered":"<p>[vc_row][vc_column][vc_column_text el_class=&#8221;titulo_destinos&#8221;]DESTINOS &amp; PORTOS[\/vc_column_text][vc_column_text]Conhe\u00e7a as principais cidades portu\u00e1rias de cada Destino Cruzeiros, com fotos, dicas, mapas, passeios imperd\u00edveis e muito mais.[\/vc_column_text][vc_row_inner][vc_column_inner][vc_empty_space height=&#8221;50px&#8221;][vc_raw_html el_id=&#8221;bp-map&#8221;]JTNDaWZyYW1lJTIwc3JjJTNEJTIyaHR0cHMlM0ElMkYlMkZ3d3cuZ29vZ2xlLmNvbSUyRm1hcHMlMkZkJTJGZW1iZWQlM0ZtaWQlM0QxVEtZSkZGUUxsbDRKNloxY2QwSlR4Y1FLdF90cVlrMGglMjZlaGJjJTNEMkUzMTJGJTI2eiUzRDIlMjIlMjB3aWR0aCUzRCUyMjY0MCUyMiUyMGhlaWdodCUzRCUyMjgyMCUyMiUzRSUzQyUyRmlmcmFtZSUzRQ==[\/vc_raw_html][\/vc_column_inner][\/vc_row_inner][\/vc_column][\/vc_row][vc_row][vc_column][vc_empty_space height=&#8221;25px&#8221;][bpc_slider_destinos parent_category=&#8221;destinos-e-portos-bp&#8221; el_class=&#8221;bpc-slider-posts&#8221;][\/vc_column][\/vc_row][vc_row][vc_column][vc_empty_space height=&#8221;50px&#8221;][vc_column_text] DEPOIMENTOS [\/vc_column_text][bpc_depoimentos][\/vc_column][\/vc_row]<\/p>\n","protected":false},"author":2,"featured_media":0,"parent":0,"menu_order":0,"comment_status":"closed","ping_status":"closed","template":"","meta":{"footnotes":""},"_links":{"self":[{"href":"https:\/\/bpcruzeiros.com\/novo\/wp-json\/wp\/v2\/pages\/83011"}],"collection":[{"href":"https:\/\/bpcruzeiros.com\/novo\/wp-json\/wp\/v2\/pages"}],"about":[{"href":"https:\/\/bpcruzeiros.com\/novo\/wp-json\/wp\/v2\/types\/page"}],"author":[{"embeddable":true,"href":"https:\/\/bpcruzeiros.com\/novo\/wp-json\/wp\/v2\/users\/2"}],"replies":[{"embeddable":true,"href":"https:\/\/bpcruzeiros.com\/novo\/wp-json\/wp\/v2\/comments?post=83011"}],"version-history":[{"count":10,"href":"https:\/\/bpcruzeiros.com\/novo\/wp-json\/wp\/v2\/pages\/83011\/revisions"}],"predecessor-version":[{"id":146732,"href":"https:\/\/bpcruzeiros.com\/novo\/wp-json\/wp\/v2\/pages\/83011\/revisions\/146732"}],"wp:attachment":[{"href":"https:\/\/bpcruzeiros.com\/novo\/wp-json\/wp\/v2\/media?parent=83011"}],"curies":[{"name":"wp","href":"https:\/\/api.w.org\/{rel}","templated":true}]}}